 What is y(-29)?
-7
Let f(r) = -r**2 + 11*r - 16. What is f(9)?
2
Let b(u) = 5*u + 69. Give b(-15).
-6
Let a(s) = -11*s - 4. Determine a(-2).
18
Let s(y) = 2*y + 10. Determine s(4).
18
Let n(j) = -j**2 + 14*j - 9. Determine n(6).
39
Let s(f) = -3*f - 35. Calculate s(-12).
1
Let a(o) = -3*o + 16. Determine a(8).
-8
Let d(t) = 2*t**3 + 57*t**2 - 88*t + 63. Determine d(-30).
3
Let v(t) = t + 30. Determine v(13).
43
Let c(t) = -t**2 - 5. Give c(4).
-21
Let m(q) = q**2 - 15*q + 16. Calculate m(12).
-20
Let r(l) = -15*l**2 - 21*l - 22. What is r(-1)?
-16
Let k(t) = t**2 - 9*t - 2. Calculate k(9).
-2
Let a(g) = -g**3 - 18*g**2 - 25*g - 17. Give a(-17).
119
Let u(p) = p**3 - 12*p**2 + 16*p - 9. What is u(9)?
-108
Let j(n) = 2*n + 13. Give j(-6).
1
Let i(p) = -98*p + 500. Give i(5).
10
Let z(w) = 16*w + 27. What is z(-7)?
-85
Let o(s) = 11*s + 102. What is o(-9)?
3
Let w(y) = y**3 + 7*y**2 - 4. Calculate w(-7).
-4
Let l(b) = 7*b + 3. Calculate l(4).
31
Let j(p) = -15*p + 69. Give j(5).
-6
Let f(j) = -j**2 - 2*j + 169. Determine f(12).
1
Let v(g) = 19*g + 113. What is v(-6)?
-1
Let s(h) = -13*h - 101. Give s(-8).
3
Let s(f) = f**3 + 13*f**2 + 40*f + 6. Calculate s(-9).
-30
Let a(b) = -b**2 - b + 2. What is a(-13)?
-154
Let j(f) = -7*f + 4. Determine j(-5).
39
Let h(m) = -20*m + 82. Calculate h(4).
2
Let g(r) = 4*r + 4. Give g(-5).
-16
Let j(x) = -x**3 + 20*x**2 - 53*x + 33. Give j(17).
-1
Let i(z) = -72*z**2 - 4*z - 3. Calculate i(-1).
-71
Let n(p) = 8*p - 6. Give n(1).
2
Let y(r) = -2*r**3 + 11*r**2 - 6*r - 15. What is y(4)?
9
Let a(r) = -r**2 + 21*r - 52. Give a(17).
16
Let o(m) = -m**2 + 2*m + 20. What is o(-5)?
-15
Let p(j) = -2*j - 16. What is p(-12)?
8
Let j(b) = -b**3 + 25*b**2 - 22*b - 48. Determine j(24).
0
Let h(y) = -y**3 + 3*y**2 + 5*y + 2. Calculate h(-2).
12
Let r(k) = k**3 + 26*k**2 + 49*k + 29. What is r(-24)?
5
Let v(j) = -j**3 - 24*j**2 + 2*j + 41. Give v(-24).
-7
Let x(d) = d**3 + 6*d**2 + 3*d - 3. What is x(-5)?
7
Let d(m) = -m**3 - 28*m**2 + 203*m - 29. Determine d(-34).
5
Let o(g) = g. What is o(-9)?
-9
Let v(x) = -3*x**3 - 9*x**2 - 7*x - 5. What is v(-3)?
16
Let b(k) = -k**2 - 12*k - 24. Calculate b(-9).
3
Let m(q) = 5*q**2 - 2*q - 4. Determine m(-3).
47
Let l(u) = 7*u - 383. Give l(55).
2
Let d(n) = n - 6. Determine d(4).
-2
Let u(r) = r**3 + 8*r**2 + 11*r + 17. What is u(-7)?
-11
Let y(j) = -j**3 + 2*j**2 - 21*j + 69. Give y(3).
-3
Let t(c) = c**3 + 6*c**2 - 3. Calculate t(-6).
-3
Let a(t) = 2*t**2 + 23*t - 18. Give a(-12).
-6
Let c(i) = -i**2 - 36*i - 300. Give c(-13).
-1
Let h(t) = -60*t + 299. Give h(5).
-1
Let d(u) = -u**3 - 7*u**2 - 4*u + 12. Determine d(-6).
0
Let w(n) = -27*n + 247. Calculate w(9).
4
Let t(u) = -u**2 + 20*u - 26. Calculate t(19).
-7
Let z(i) = 39*i**2. What is z(1)?
39
Let i(j) = 4*j**2 - 5*j - 4. Determine i(-1).
5
Let g(r) = r**2 - 16*r + 24. What is g(14)?
-4
Let j(d) = -d + 6. Calculate j(9).
-3
Let s(p) = -12*p - 19. What is s(-8)?
77
Let v(s) = -6*s**2 - 18*s + 75. Give v(3).
-33
Let x(z) = z**3 - 5*z**2 - z + 4. What is x(5)?
-1
Let k(a) = -a**3 - 6*a**2 + 7*a + 12. Give k(-5).
-48
Let r(j) = 22*j**3 + 5*j**2 + 3*j + 2. Give r(-2).
-160
Let p(n) = -n**3 + 7*n**2 - 9*n + 7. Determine p(6).
-11
Let v(x) = 4*x**2 - 2. What is v(2)?
14
Let h(d) = 9*d - 33. Determine h(3).
-6
Let v(h) = -h**3 - 21*h**2 - 21*h - 28. Give v(-20).
-8
Let v(w) = 3*w**2 + 13*w + 4. Calculate v(-5).
14
Let a(n) = -2*n - 36. Determine a(-22).
8
Let p(y) = y**3 + 4*y**2 - 4. Give p(1).
1
Let s(f) = -f**3 + 13*f**2 + 12*f - 6. What is s(14)?
-34
Let d(w) = w**3 - 15*w**2 - 14*w - 34. Give d(16).
-2
Let l(p) = -p**3 + 3*p**2 + 4*p - 5. Calculate l(4).
-5
Let a(d) = 13*d**3 + d**2 - 2*d + 1. Calculate a(1).
13
Let c(z) = 33*z - 1121. Determine c(34).
1
Let r(t) = -t**2 + 7*t - 7. Calculate r(5).
3
Let m(s) = 2*s**2 - 23*s + 53. Give m(7).
-10
Let h(t) = -2*t + 44. Give h(22).
0
Let s(z) = -z**2 - 8*z - 12. Calculate s(-8).
-12
Let f(u) = 2*u**2 + 1. Determine f(1).
3
Let q(o) = 61*o + 359. Give q(-6).
-7
Let k(s) = -s + 3. Calculate k(12).
-9
Let x(m) = -m**2 - 9*m + 8. Calculate x(-9).
8
Let r(d) = -d**3 + 2*d**2 - d - 5. Give r(-2).
13
Let a(t) = -3*t**3 - t**2 - t. Determine a(-1).
3
Let h(j) = j**2 + 18*j - 48. Calculate h(-21).
15
Let r(s) = -2*s - 38. Determine r(-16).
-6
Let y(o) = -o - 2. Give y(-4).
2
Let c(j) = -4*j**2 - 14. Give c(0).
-14
Let y(r) = 17*r - 10. Determine y(1).
7
Let h(u) = -u**3 + 5*u**2 + 3*u - 5. Determine h(4).
23
Let m(x) = x**3 - 9*x**2 + 8*x + 7. Determine m(7).
-35
Let t(o) = -o**2 + 14*o - 45. Give t(7).
4
Let a(k) = -8*k**2 + 3*k + 2. What is a(-1)?
-9
Let x(h) = h**3 + 15*h**2 + 32*h + 27. Give x(-12).
75
Let v(b) = -2*b**2 - 7*b + 6. Calculate v(-6).
-24
Let a(y) = -y**2 - 4*y - 4. Determine a(-7).
-25
Let m(u) = -3*u + 2. Calculate m(1).
-1
Let f(b) = b**2 + 10*b + 1. Determine f(-10).
1
Let c(w) = w**2 + 11*w - 1. Give c(-12).
11
Let j(d) = -d**2 - 5*d + 1. Calculate j(-6).
-5
Let n(c) = c**3 + 13*c**2 - 47*c + 21. Calculate n(-16).
5
Let h(u) = -u**2 + 10*u + 118. Calculate h(-7).
-1
Let u(m) = -m**3 - 11*m**2 - 10*m - 11. What is u(-10)?
-11
Let y(f) = f - 2. Give y(11).
9
Let b(h) = 2*h**2 - 45*h - 103. Determine b(25).
22
Let t(j) = -j**3 + 16*j**2 - 14*j - 16. Calculate t(15).
-1
Let r(s) = s**2 - 29*s - 209. Give r(-6).
1
Let k(a) = -a**3 + 8*a**2 - 14*a. Give k(6).
-12
Let y(j) = -j**2 - 4*j + 16. Determine y(-6).
4
Let a(t) = -t**2 + 2*t + 34. Give a(-5).
-1
Let w(z) = 2*z + 2. Calculate w(6).
14
Let b(z) = 78*z**3 + z**2 - 2*z + 1. Determine b(1).
78
Let s(j) = 24*j - 14. Calculate s(-4).
-110
Let g(n) = 8*n**2 - 2*n - 2. Give g(-1).
8
Let u(a) = 21*a**2 + 2*a - 1. Give u(1).
22
Let q(d) = -3*d + 18. Give q(13).
-21
Let z(r) = -18*r - 163. Calculate z(-9).
-1
Let l(f) = 60*f + 6. Determine l(-2).
-114
Let c(p) = p**2 - 23*p + 118. Calculate c(15).
-2
Let d(g) = g**3 - 6*g**2 + 6*g - 6. Calculate d(6).
30
Let n(i) = i + 20. Give n(-4).
16
Let h(n) = -n**3 + 7*n**2 + 8*n + 5. Give h(8).
5
Let g(d) = 4*d - 3. Calculate g(-6).
-27
Let a(j) = -2*j**2 - 9*j - 2. Give a(-7).
-37
Let k(y) = -2*y**2 - 12*y - 23. Calculate k(-7).
-37
Let m(g) = -2*g - 19. Determine m(-8).
-3
Let p(d) = d**2 + 7*d + 11. Determine p(-6).
5
Let p(f) = -13*f + 81. Give p(5).
16
Let o(q) = q**2 - 5*q + 1. Give o(7).
15
Let g(r) = r**3 + 9*r**2 + 6*r - 9. Calculate g(-8).
7
Let c(b) = 6*b - 3. Calculate c(4).
21
Let l(r) = r**3 - 3*r**2 - 9*r + 17. What is l(6)?
71
Let f(r) = -2*r - 10. Give f(-6).
2
Let q(o) = 20*o**3 - 2*o**2. Give q(-1).
-22
Let t(y) = 2*y**3 - 2*y**2 - 2*y + 5. Give t(2).
9
Let u(w) = 29*w - 149. What is u(5)?
-4
Let d(j) = 2*j**3 + 2*j**2 - 3*j - 2. Give d(-2).
-4
Let w(p) = 7*p + 2. Give w(4).
30
Let v(x) = 21*x**2 + 148*x + 4. Determine v(-7).
-3
Let d(o) = -o**3 - 22*o**2 - 22*o - 26. Calculate d(-21).
-5
Let c(o) = o**2 - 3*o + 4. What is c(-3)?
22
Let w(d) = -d + 4. Give w(-13).
17
Let j(s) = s**2 - 12*s + 16. Give j(6).
-20
Let h(j) = 2*j**3 + 2*j**2 - 2*j + 2. Give h(3).
68
Let w(j) = j**3 - 2*j**2 + 4*j + 5. What is w(-2)?
-19
Let p(l) = -3*l**2 + 5*l - 2. What is p(3)?
-14
Let q(i) = -12*i + 188. What is q(16)?
-4
Let u(z) = z**3 - 8*z**2 - 4*z + 5. Calculate u(8).
-27
Let q(u) = -2*u**2 - u - 4. What is q(7)?
-109
Let f(b) = -b**2 - 15*b + 15. Calculate f(-12).
51
Let p(d) = 23*d - 57. Calculate p(8).
127
Let i(l) = l**2 - 21*l + 60. Calculate i(19).
22
Let b(r) = r**3 - 2*r**2 - 7*r - 5. Give b(0).
-5
Let w(u) = -2*u**2 - 61*u + 106. What is w(-32)?
10
Let z(o) = -o - 87. Give z(-15).
-72
Let o(y) = 3*y**2 + 8*y - 11. Determine o(-7).
80
Let u(f) = -f**3 - 14*f**2 - 11*f + 18. Determine u(-13).
-8
Let c(u) = 6*u - 6. Determine c(-7).
-48
Let m(p) = 4*p + 78. Give m(-18).
6
Let b(t) = -6*t - 42. Calculate b(-6).
-6
Let a(m) = 2*m**2 - 7*m - 5. Calculate a(-3).
34
Let w(y) = 6*y + 21. Calculate w(-7).
-21
Let z(i) = -63*i + 80. Determine z(1).
17
Let n(j) = -j + 45. Determine n(27).
18
Let t(c) = 10*c - 92. Give t(9).
-2
Let u(m) = -5*m**3 - m**2 + 3*m + 2. Give u(-2).
32
Let i(v) = v**3 - 6*v**2 - 29*v + 9. Determine i(9).
-9
Let t(b) = -b**2 - 6*b - 9. Calculate t(-6).
-9
Let g(r) = -r**3 - 9*r**2 - 11*r + 6. Give g(-6).
-36
Let o(n) = n**3 - 6*n**2 + 4*n - 3. Determine o(5).
-